 the prime factors of 3748234.
2, 7, 79, 3389
List the prime factors of 3558900.
2, 3, 5, 11863
List the prime factors of 136204.
2, 17, 2003
What are the prime factors of 340818?
2, 3, 43, 1321
What are the prime factors of 4989890?
2, 5, 498989
What are the prime factors of 618623?
71, 8713
List the prime factors of 481224.
2, 3, 20051
List the prime factors of 281109.
3, 93703
List the prime factors of 309034.
2, 11, 1277
List the prime factors of 331858.
2, 73, 2273
What are the prime factors of 400530?
2, 3, 5, 13, 79
What are the prime factors of 865238?
2, 11, 67, 587
What are the prime factors of 186919?
41, 47, 97
List the prime factors of 9322712.
2, 7, 277, 601
List the prime factors of 4385094.
2, 3, 7, 131, 797
What are the prime factors of 1048556?
2, 262139
What are the prime factors of 402279?
3, 134093
What are the prime factors of 15301679?
43, 355853
List the prime factors of 955840.
2, 5, 29, 103
What are the prime factors of 805648?
2, 43, 1171
List the prime factors of 3768441.
3, 17, 19, 3889
List the prime factors of 341033.
7, 11, 43, 103
What are the prime factors of 15985489?
13, 53, 23201
List the prime factors of 518039.
701, 739
List the prime factors of 8721424.
2, 545089
List the prime factors of 112454.
2, 59, 953
List the prime factors of 15662068.
2, 31, 126307
List the prime factors of 9431224.
2, 11, 9743
What are the prime factors of 185048?
2, 23131
What are the prime factors of 354553?
354553
What are the prime factors of 3384434?
2, 1692217
What are the prime factors of 12955842?
2, 3, 79, 3037
What are the prime factors of 503944?
2, 7, 8999
What are the prime factors of 8084963?
163, 193, 257
List the prime factors of 526157.
526157
List the prime factors of 1269056.
2, 79, 251
List the prime factors of 369457.
11, 33587
What are the prime factors of 8022222?
2, 3, 13, 34283
List the prime factors of 1778654.
2, 889327
What are the prime factors of 454056?
2, 3, 18919
List the prime factors of 10693682.
2, 773, 6917
List the prime factors of 2508617.
541, 4637
What are the prime factors of 201584?
2, 43, 293
What are the prime factors of 595588?
2, 7, 89, 239
List the prime factors of 17173938.
2, 3, 31, 92333
List the prime factors of 210813.
3, 70271
List the prime factors of 971854.
2, 13, 37379
What are the prime factors of 940209?
3, 29, 101, 107
List the prime factors of 1325103.
3, 13, 61, 557
What are the prime factors of 36173896?
2, 11, 411067
What are the prime factors of 42727?
42727
What are the prime factors of 6161510?
2, 5, 19, 32429
List the prime factors of 1732938.
2, 3, 288823
What are the prime factors of 483281?
483281
List the prime factors of 815847.
3, 17, 941
What are the prime factors of 1775700?
2, 3, 5, 1973
List the prime factors of 86182.
2, 41, 1051
What are the prime factors of 1989608?
2, 248701
What are the prime factors of 4011013?
101, 151, 263
List the prime factors of 4132226.
2, 7, 23, 41, 313
What are the prime factors of 5831500?
2, 5, 107, 109
What are the prime factors of 449383?
11, 40853
List the prime factors of 450981.
3, 16703
What are the prime factors of 4387783?
4387783
List the prime factors of 7186504.
2, 13, 43, 1607
List the prime factors of 402252.
2, 3, 33521
List the prime factors of 1065318.
2, 3, 177553
List the prime factors of 9512423.
359, 26497
What are the prime factors of 1150855?
5, 337, 683
List the prime factors of 227549.
7, 32507
What are the prime factors of 217430?
2, 5, 17, 1279
List the prime factors of 113348.
2, 43, 659
List the prime factors of 1395226.
2, 7, 23, 619
List the prime factors of 6022020.
2, 3, 5, 167, 601
What are the prime factors of 2233524?
2, 3, 373, 499
What are the prime factors of 766473?
3, 239, 1069
What are the prime factors of 411697?
11, 13, 2879
List the prime factors of 831808.
2, 41, 317
List the prime factors of 152781.
3, 127, 401
List the prime factors of 1693167.
3, 7, 80627
List the prime factors of 1815046.
2, 47, 19309
What are the prime factors of 12239519?
23, 532153
What are the prime factors of 1644170?
2, 5, 11, 14947
What are the prime factors of 22687390?
2, 5, 11, 206249
List the prime factors of 2727175.
5, 11, 47, 211
List the prime factors of 16166308.
2, 47, 85991
What are the prime factors of 170225?
5, 11, 619
List the prime factors of 349140.
2, 3, 5, 11, 23
List the prime factors of 303853.
11, 23, 1201
What are the prime factors of 20300177?
20300177
List the prime factors of 4661944.
2, 7, 17, 59, 83
What are the prime factors of 442587?
3, 31, 4759
List the prime factors of 134860.
2, 5, 11, 613
List the prime factors of 596948.
2, 11, 13567
What are the prime factors of 507734?
2, 253867
List the prime factors of 223732.
2, 55933
What are the prime factors of 207282?
2, 3, 179, 193
List the prime factors of 2350542.
2, 3, 391757
List the prime factors of 5369583.
3, 191, 9371
List the prime factors of 5504784.
2, 3, 73, 1571
What are the prime factors of 16162303?
37, 436819
List the prime factors of 3644277.
3, 7, 13, 1907
What are the prime factors of 10996650?
2, 3, 5, 7, 3491
List the prime factors of 559373.
397, 1409
List the prime factors of 5085867.
3, 1695289
What are the prime factors of 356187?
3, 13, 9133
List the prime factors of 546630.
2, 3, 5, 7, 19, 137
List the prime factors of 763701.
3, 193, 1319
What are the prime factors of 14098233?
3, 271, 17341
List the prime factors of 437231.
509, 859
List the prime factors of 489326.
2, 19, 79, 163
What are the prime factors of 220348?
2, 31, 1777
List the prime factors of 3087725.
5, 113, 1093
List the prime factors of 180972.
2, 3, 11, 457
List the prime factors of 3989006.
2, 7, 499, 571
List the prime factors of 13453684.
2, 3363421
What are the prime factors of 1806993?
3, 41, 59, 83
List the prime factors of 1265581.
1265581
What are the prime factors of 3439138?
2, 89, 139
List the prime factors of 890537.
23, 31, 1249
List the prime factors of 16720612.
2, 4180153
List the prime factors of 338550.
2, 3, 5, 37, 61
List the prime factors of 494181.
3, 6101
List the prime factors of 465438.
2, 3, 77573
What are the prime factors of 6384744?
2, 3, 59, 167
What are the prime factors of 59374?
2, 7, 4241
What are the prime factors of 725083?
89, 8147
What are the prime factors of 4488431?
103, 43577
List the prime factors of 476438.
2, 211, 1129
What are the prime factors of 4133779?
13, 317983
What are the prime factors of 175602?
2, 3, 7, 37, 113
List the prime factors of 79247.
7, 11321
What are the prime factors of 10598?
2, 7, 757
List the prime factors of 90132.
2, 3, 7, 29, 37
What are the prime factors of 185973?
3, 61991
What are the prime factors of 1778008?
2, 109, 2039
What are the prime factors of 8139795?
3, 5, 71, 7643
List the prime factors of 922519.
13, 29, 2447
What are the prime factors of 41444?
2, 13, 797
What are the prime factors of 318794?
2, 7, 3253
List the prime factors of 261847.
261847
What are the prime factors of 112752?
2, 3, 29
List the prime factors of 78358.
2, 7, 29, 193
List the prime factors of 1936321.
37, 59, 887
What are the prime factors of 780185?
5, 7, 22291
List the prime factors of 2058503.
71, 79, 367
What are the prime factors of 116072?
2, 11, 1319
List the prime factors of 2016024.
2, 3, 167, 503
What are the prime factors of 7667076?
2, 3, 638923
What are the prime factors of 1333635?
3, 5, 67, 1327
List the prime factors of 19827588.
2, 3, 11, 150209
What are the prime factors of 1103921?
7, 13, 1733
List the prime factors of 486116.
2, 53, 2293
What are the prime factors of 4062913?
257, 15809
List the prime factors of 8977085.
5, 13, 167, 827
What are the prime factors of 29390?
2, 5, 2939
What are the prime factors of 344604?
2, 3, 13, 47
List the prime factors of 1029663.
3, 114407
What are the prime factors of 164003?
7, 3347
List the prime factors of 729202.
2, 364601
What are the prime factors of 352273?
352273
List the prime factors of 1104712.
2, 7, 19727
List the prime factors of 1518238.
2, 53, 14323
What are the prime factors of 199834?
2, 41, 2437
List the prime factors of 188316.
2, 3, 5231
What are the prime factors of 159059?
159059
What are the prime factors of 444106?
2, 13, 19, 29, 31
List the prime factors of 3293977.
3293977
Wha